{"id":229,"date":"2023-04-24T23:22:04","date_gmt":"2023-04-24T23:22:04","guid":{"rendered":"https:\/\/lapaz.com.py\/home\/?page_id=229"},"modified":"2023-04-25T00:32:20","modified_gmt":"2023-04-25T00:32:20","slug":"inicio-2","status":"publish","type":"page","link":"https:\/\/lapaz.com.py\/home\/","title":{"rendered":"Inicio"},"content":{"rendered":"\t\t<div data-elementor-type=\"wp-page\" data-elementor-id=\"229\" class=\"elementor elementor-229\" data-elementor-settings=\"{&quot;ha_cmc_init_switcher&quot;:&quot;no&quot;}\">\n\t\t\t\t\t\t<section class=\"elementor-section elementor-top-section elementor-element elementor-element-37f7ae0 elementor-section-boxed elementor-section-height-default elementor-section-height-default\" data-id=\"37f7ae0\" data-element_type=\"section\" data-settings=\"{&quot;_ha_eqh_enable&quot;:false}\">\n\t\t\t\t\t\t<div class=\"elementor-container elementor-column-gap-default\">\n\t\t\t\t\t<div class=\"elementor-column elementor-col-100 elementor-top-column elementor-element elementor-element-73c7194\" data-id=\"73c7194\" data-element_type=\"column\">\n\t\t\t<div class=\"elementor-widget-wrap elementor-element-populated\">\n\t\t\t\t\t\t<div class=\"elementor-element elementor-element-1874613 elementor-widget elementor-widget-spacer\" data-id=\"1874613\" data-element_type=\"widget\" data-widget_type=\"spacer.default\">\n\t\t\t\t<div class=\"elementor-widget-container\">\n\t\t\t\t\t\t\t<div class=\"elementor-spacer\">\n\t\t\t<div class=\"elementor-spacer-inner\"><\/div>\n\t\t<\/div>\n\t\t\t\t\t\t<\/div>\n\t\t\t\t<\/div>\n\t\t\t\t\t<\/div>\n\t\t<\/div>\n\t\t\t\t\t<\/div>\n\t\t<\/section>\n\t\t\t\t<section class=\"elementor-section elementor-top-section elementor-element elementor-element-2b865c4 elementor-section-boxed elementor-section-height-default elementor-section-height-default\" data-id=\"2b865c4\" data-element_type=\"section\" data-settings=\"{&quot;_ha_eqh_enable&quot;:false}\">\n\t\t\t\t\t\t<div class=\"elementor-container elementor-column-gap-default\">\n\t\t\t\t\t<div class=\"elementor-column elementor-col-100 elementor-top-column elementor-element elementor-element-159c4ce\" data-id=\"159c4ce\" data-element_type=\"column\">\n\t\t\t<div class=\"elementor-widget-wrap elementor-element-populated\">\n\t\t\t\t\t\t<div class=\"elementor-element elementor-element-72abb5b ha-image-accordion-hover ha-image-accordion-horizontal elementor-widget elementor-widget-ha-image-accordion happy-addon ha-image-accordion\" data-id=\"72abb5b\" data-element_type=\"widget\" data-widget_type=\"ha-image-accordion.default\">\n\t\t\t\t<div class=\"elementor-widget-container\">\n\t\t\t\t\t        <div class=\"ha-image-accordion-wrapper\">\n            <div class=\"ha-ia-container\">\n                <div class=\"ha-ia-gallery-wrap\">\n                                            <div style=\"background-image: url('https:\/\/lapaz.com.py\/home\/wp-content\/uploads\/2018\/04\/hehe.jpg');\" class=\"ha-ia-item active\">\n                            <div class=\"ha-overlay\">\n                                <div class=\"ha-ia-content-wrapper ha_fadeInUp\">\n                                                                                                            <div class=\"ha-ia-content-icon-title ha-ia-icon-left\">\n                                        <i aria-hidden=\"true\" class=\"fas fa-tree\"><\/i>                                        <span class=\"ha-ia-content-title\">Bienvenido<\/span>\n                                    <\/div>\n                                    <div class=\"ha-ia-content-description\">La Cooperativa La Paz Agr\u00edcola Limitada, integrado principalmente por asociados japoneses fue fundada en el  a\u00f1o 1970. Tiene como objetivo fomentar el desarrollo socio-econ\u00f3mico de la comunidad, buscar mejorar la calidad de vida, brindar servicios y dar valor agregado a la producci\u00f3n local.\n<\/div>                                                                    <\/div>\n                            <\/div>\n                        <\/div>\n                                            <div style=\"background-image: url('https:\/\/lapaz.com.py\/home\/wp-content\/uploads\/2023\/04\/harina.jpg');\" class=\"ha-ia-item \">\n                            <div class=\"ha-overlay\">\n                                <div class=\"ha-ia-content-wrapper ha_fadeInUp\">\n                                                                                                            <div class=\"ha-ia-content-icon-title ha-ia-icon-left\">\n                                                                                <span class=\"ha-ia-content-title\">\u00bfQu\u00e9 hacemos?<\/span>\n                                    <\/div>\n                                    <div class=\"ha-ia-content-description\">  Las principales actividades de la cooperativa son, el ahorro y cr\u00e9dito, la venta de insumos agr\u00edcolas, el acopio y venta de productos agricolas, estaci\u00f3n de servicio, asistencia t\u00e9cnica, venta de harina de trigo y balanceado, el bienestar social, entre otros.<\/div>                                                                    <\/div>\n                            <\/div>\n                        <\/div>\n                                            <div style=\"background-image: url('https:\/\/lapaz.com.py\/home\/wp-content\/uploads\/2018\/04\/comericial2.jpg');\" class=\"ha-ia-item \">\n                            <div class=\"ha-overlay\">\n                                <div class=\"ha-ia-content-wrapper ha_fadeInUp\">\n                                                                                                            <div class=\"ha-ia-content-icon-title ha-ia-icon-left\">\n                                                                                <span class=\"ha-ia-content-title\">Stocks Variados!<\/span>\n                                    <\/div>\n                                    <div class=\"ha-ia-content-description\">La Cooperativa cuenta con un stock variado de mercader\u00edas para que nuestros asociados tengan a su alcance: repuestos, agro-qu\u00edmicos, fertilizantes, materiales de construcci\u00f3n, productos elaborados, entre otros.<\/div>                                                                    <\/div>\n                            <\/div>\n                        <\/div>\n                                    <\/div>\n            <\/div>\n        <\/div>\n\t\t\t\t<\/div>\n\t\t\t\t<\/div>\n\t\t\t\t<div class=\"elementor-element elementor-element-0a7db81 elementor-widget elementor-widget-spacer\" data-id=\"0a7db81\" data-element_type=\"widget\" data-widget_type=\"spacer.default\">\n\t\t\t\t<div class=\"elementor-widget-container\">\n\t\t\t\t\t\t\t<div class=\"elementor-spacer\">\n\t\t\t<div class=\"elementor-spacer-inner\"><\/div>\n\t\t<\/div>\n\t\t\t\t\t\t<\/div>\n\t\t\t\t<\/div>\n\t\t\t\t\t<\/div>\n\t\t<\/div>\n\t\t\t\t\t<\/div>\n\t\t<\/section>\n\t\t\t\t<section class=\"elementor-section elementor-top-section elementor-element elementor-element-591d361 elementor-section-boxed elementor-section-height-default elementor-section-height-default\" data-id=\"591d361\" data-element_type=\"section\" data-settings=\"{&quot;_ha_eqh_enable&quot;:false}\">\n\t\t\t\t\t\t<div class=\"elementor-container elementor-column-gap-default\">\n\t\t\t\t\t<div class=\"elementor-column elementor-col-33 elementor-top-column elementor-element elementor-element-6497bca\" data-id=\"6497bca\" data-element_type=\"column\">\n\t\t\t<div class=\"elementor-widget-wrap elementor-element-populated\">\n\t\t\t\t\t\t<div class=\"elementor-element elementor-element-59bf7f8 ha-card--top ha-card--tablet-top ha-card--mobile-top elementor-widget elementor-widget-ha-card happy-addon ha-card\" data-id=\"59bf7f8\" data-element_type=\"widget\" data-widget_type=\"ha-card.default\">\n\t\t\t\t<div class=\"elementor-widget-container\">\n\t\t\t\t\t\n\t\t\t\t\t<figure class=\"ha-card-figure\">\n\t\t\t\t<img fetchpriority=\"high\" decoding=\"async\" width=\"550\" height=\"465\" src=\"https:\/\/lapaz.com.py\/home\/wp-content\/uploads\/2023\/04\/presidente.jpg\" class=\"attachment-large size-large wp-image-217\" alt=\"\" srcset=\"https:\/\/lapaz.com.py\/home\/wp-content\/uploads\/2023\/04\/presidente.jpg 591w, https:\/\/lapaz.com.py\/home\/wp-content\/uploads\/2023\/04\/presidente-300x254.jpg 300w\" sizes=\"(max-width: 550px) 100vw, 550px\" \/>\t\t\t\t\t\t\t<\/figure>\n\t\t\n\t\t<div class=\"ha-card-body\">\n\n\t\t\t\n\t\t\t\t\t\t\t<div class=\"ha-card-text\">\n\t\t\t\t\t<p>Este <b>aniversario<\/b> n\u00famero 36 del distrito La Paz nos recibe en un momento bueno en el sentido de que hemos tenido una buena producci\u00f3n de ma\u00edz zafri\u00f1a y estamos en plena cosecha de trigo con un <b>buen rendimiento<\/b> y una muy buena calidad, sostuvo el gerente general de la Cooperativa La Paz Agr\u00edcola Ltda., Bartolom\u00e9 Konishi, hijo de inmigrantes japoneses.\n\n<\/p>\n\t\t\t\t<\/div>\n\t\t\t\n\t\t\t\t\t<\/div>\n\t\t\t\t\t\t<\/div>\n\t\t\t\t<\/div>\n\t\t\t\t\t<\/div>\n\t\t<\/div>\n\t\t\t\t<div class=\"elementor-column elementor-col-33 elementor-top-column elementor-element elementor-element-aa76365\" data-id=\"aa76365\" data-element_type=\"column\">\n\t\t\t<div class=\"elementor-widget-wrap elementor-element-populated\">\n\t\t\t\t\t\t<div class=\"elementor-element elementor-element-45a4bb5 ha-card--top ha-card--tablet-top ha-card--mobile-top elementor-widget elementor-widget-ha-card happy-addon ha-card\" data-id=\"45a4bb5\" data-element_type=\"widget\" data-widget_type=\"ha-card.default\">\n\t\t\t\t<div class=\"elementor-widget-container\">\n\t\t\t\t\t\n\t\t\t\t\t<figure class=\"ha-card-figure\">\n\t\t\t\t<img decoding=\"async\" width=\"250\" height=\"187\" src=\"https:\/\/lapaz.com.py\/home\/wp-content\/uploads\/2023\/04\/fideos1.jpg\" class=\"attachment-large size-large wp-image-218\" alt=\"\" \/>\t\t\t\t\t\t\t<\/figure>\n\t\t\n\t\t<div class=\"ha-card-body\">\n\n\t\t\t<h2 class=\"ha-card-title\">\u00bfSab\u00edas que?<\/h2>\n\t\t\t\t\t\t\t<div class=\"ha-card-text\">\n\t\t\t\t\t<p>La cooperativa industrializa la totalidad del trigo que produce, convirti\u00e9ndola en una harina de excelente calidad que se vende a todo el mercado nacional. Tambi\u00e9n produce alimentos balanceados para ganado vacuno, porcino y av\u00edcola, con el que tiene ganado un <b>amplio espectro del comercio nacional<\/b>.<\/p>\n\t\t\t\t<\/div>\n\t\t\t\n\t\t\t\t\t<\/div>\n\t\t\t\t\t\t<\/div>\n\t\t\t\t<\/div>\n\t\t\t\t\t<\/div>\n\t\t<\/div>\n\t\t\t\t<div class=\"elementor-column elementor-col-33 elementor-top-column elementor-element elementor-element-d2a23d0\" data-id=\"d2a23d0\" data-element_type=\"column\">\n\t\t\t<div class=\"elementor-widget-wrap elementor-element-populated\">\n\t\t\t\t\t\t<div class=\"elementor-element elementor-element-7a329ce ha-card--top ha-card--tablet-top ha-card--mobile-top elementor-widget elementor-widget-ha-card happy-addon ha-card\" data-id=\"7a329ce\" data-element_type=\"widget\" data-widget_type=\"ha-card.default\">\n\t\t\t\t<div class=\"elementor-widget-container\">\n\t\t\t\t\t\n\t\t\t\t\t<figure class=\"ha-card-figure\">\n\t\t\t\t<img decoding=\"async\" width=\"550\" height=\"205\" src=\"https:\/\/lapaz.com.py\/home\/wp-content\/uploads\/2018\/04\/contact-rest_1-1024x381.jpg\" class=\"attachment-large size-large wp-image-120\" alt=\"\" srcset=\"https:\/\/lapaz.com.py\/home\/wp-content\/uploads\/2018\/04\/contact-rest_1-1024x381.jpg 1024w, https:\/\/lapaz.com.py\/home\/wp-content\/uploads\/2018\/04\/contact-rest_1-300x112.jpg 300w, https:\/\/lapaz.com.py\/home\/wp-content\/uploads\/2018\/04\/contact-rest_1-768x286.jpg 768w, https:\/\/lapaz.com.py\/home\/wp-content\/uploads\/2018\/04\/contact-rest_1.jpg 1600w\" sizes=\"(max-width: 550px) 100vw, 550px\" \/>\t\t\t\t\t\t\t<\/figure>\n\t\t\n\t\t<div class=\"ha-card-body\">\n\n\t\t\t<h2 class=\"ha-card-title\">Asistencia T\u00e9cnnica...<\/h2>\n\t\t\t\t\t\t\t<div class=\"ha-card-text\">\n\t\t\t\t\t<p>La empresa cooperativa <b>ofrece asistencia t\u00e9cnica a sus asociados<\/b>, dispone de un gran supermercado con productos agr\u00edcolas, implementos e insumos, una estaci\u00f3n de servicios para la venta de combustibles e impulsa con su apoyo al desarrollo de la comunidad.<\/p>\n\t\t\t\t<\/div>\n\t\t\t\n\t\t\t\t\t<\/div>\n\t\t\t\t\t\t<\/div>\n\t\t\t\t<\/div>\n\t\t\t\t\t<\/div>\n\t\t<\/div>\n\t\t\t\t\t<\/div>\n\t\t<\/section>\n\t\t\t\t<\/div>\n\t\t","protected":false},"excerpt":{"rendered":"<p>Bienvenido La Cooperativa La Paz Agr\u00edcola Limitada, integrado principalmente por asociados japoneses fue fundada en el a\u00f1o 1970. Tiene como objetivo fomentar el desarrollo socio-econ\u00f3mico de la comunidad, buscar mejorar la calidad de vida, brindar servicios y dar valor agregado a la producci\u00f3n local. \u00bfQu\u00e9 hacemos? Las principales actividades de la cooperativa son, el ahorro&hellip;<\/p>\n","protected":false},"author":1,"featured_media":0,"parent":0,"menu_order":0,"comment_status":"closed","ping_status":"closed","template":"","meta":{"footnotes":""},"class_list":["post-229","page","type-page","status-publish","hentry"],"_links":{"self":[{"href":"https:\/\/lapaz.com.py\/home\/wp-json\/wp\/v2\/pages\/229","targetHints":{"allow":["GET"]}}],"collection":[{"href":"https:\/\/lapaz.com.py\/home\/wp-json\/wp\/v2\/pages"}],"about":[{"href":"https:\/\/lapaz.com.py\/home\/wp-json\/wp\/v2\/types\/page"}],"author":[{"embeddable":true,"href":"https:\/\/lapaz.com.py\/home\/wp-json\/wp\/v2\/users\/1"}],"replies":[{"embeddable":true,"href":"https:\/\/lapaz.com.py\/home\/wp-json\/wp\/v2\/comments?post=229"}],"version-history":[{"count":34,"href":"https:\/\/lapaz.com.py\/home\/wp-json\/wp\/v2\/pages\/229\/revisions"}],"predecessor-version":[{"id":268,"href":"https:\/\/lapaz.com.py\/home\/wp-json\/wp\/v2\/pages\/229\/revisions\/268"}],"wp:attachment":[{"href":"https:\/\/lapaz.com.py\/home\/wp-json\/wp\/v2\/media?parent=229"}],"curies":[{"name":"wp","href":"https:\/\/api.w.org\/{rel}","templated":true}]}}